 - 3*k - 2033 = 1486. What is the thousands digit of o?
3
Suppose -4*b = -47*u + 3660599, 0 = -b + 2*b + 1. What is the tens digit of u?
8
Let g = -235 + 235. Suppose -4*j = -g*j - 172. What is the units digit of j?
3
Suppose 4*p + b - 6 = 0, 2*p - 6*p - 2*b + 4 = 0. Suppose -5*o + 10 = 30, -3*x + p*o = -1412. What is the tens digit of x?
6
Let k(s) = -s**3 - 2*s**2 - 10*s - 37. Let v be k(-3). Suppose -v*o + 5*u = -1480 - 1336, -5*o - 2*u = -7098. What is the hundreds digit of o?
4
Suppose -2*o - 4*g + 98728 - 10390 = 0, 12 = -2*g. What is the ten thousands digit of o?
4
Let q(b) = 2*b**2 - 2*b - 129. Let u be 5/((-28)/8 + 3). What is the tens digit of q(u)?
9
What is the hundreds digit of ((-12)/16)/((-117)/2774148)?
7
What is the hundreds digit of -19 + 13 - (0 - 23451)?
4
Let r(a) = -a**2 + 404*a - 3974. What is the ten thousands digit of r(153)?
3
Let u(n) = -375*n + 31. What is the hundreds digit of u(-1)?
4
What is the units digit of 4928 - (-8)/((-16)/(-22))?
9
Let c(v) = 7 + 4 + 28*v + 5 - 26 - 5. What is the tens digit of c(7)?
8
Suppose -13985 = -182*l + 181*l. What is the units digit of l?
5
Let c = 6 - 6. Suppose c = 20*m - 129 + 29. Suppose 2*k = -m*g + 3*k + 640, 2*k = 3*g - 384. What is the units digit of g?
8
Suppose 2403*h = 2338*h + 2320305. What is the tens digit of h?
9
Suppose 62*u = 33*u + 435. What is the tens digit of (-2)/u - 215586/(-945)?
2
Let m(k) = 8*k**3 + 73*k + 16. What is the units digit of m(9)?
5
Let y(b) = b**3 + 10*b**2 - 3*b + 10. Let z be y(-8). Suppose -3*f + 6 = -z. What is the tens digit of f?
5
Let a = -52095 + 105383. What is the tens digit of a?
8
Suppose 43*j + 11456 = x + 47*j, 0 = -3*x + 3*j + 34338. What is the units digit of x?
8
Let o = -447 + 423. What is the units digit of 1/(-3) + ((-1712)/o - -2)?
3
Let f = -239 + 250. Suppose -f*q = 694 - 3521. What is the tens digit of q?
5
Suppose 0 = -3*y + 5*y - 44. Suppose -5*c = 5*v - y - 33, 5*c + v = 67. Suppose -112 = -15*b + c*b. What is the tens digit of b?
1
Suppose -4*o - 1678 = 2*n, -3*n + 3*o = 2002 + 542. Let p = -489 - n. What is the tens digit of p?
5
Let m = 563 + -563. Suppose 2*c - 4*h - 2293 + 139 = m, -h + 4 = 0. What is the thousands digit of c?
1
Suppose 5*p + 3*z = -33, 2*z + 14 = -p - p. Let v be p + 131 - 2/((-1)/(-1)). Let j = 71 + v. What is the units digit of j?
4
Suppose 186*w - 183*w - 5*t - 44954 = 0, 4*w - 59952 = 4*t. What is the thousands digit of w?
4
Let q(b) = -2*b**2 - 43*b - 43. Let w be q(-19). Suppose -46*l - 2118 = -w*l. What is the units digit of l?
3
Let b(i) be the third derivative of 3*i**6/40 + i**5/60 + i**4/12 + i**3/3 - 3*i**2 - 4. Let u be b(-1). What is the tens digit of (-1*3)/((u/204)/2)?
5
Let d = 113 - 108. Suppose d*s = 7*s - 2320. Suppose f = -7*f + s. What is the tens digit of f?
4
Let a = -53 - -28. Let y be ((3 - 5) + 4)*a. Let o = 104 - y. What is the hundreds digit of o?
1
Let t(k) = 15*k**3 - 14*k**2 - 29*k - 93. Let w be t(27). What is the tens digit of (w/121)/3 + 4/22?
8
Suppose -2*z + 0*g + g = -146, -2*z = 3*g - 146. Let y = 417 - z. What is the hundreds digit of y?
3
Suppose 18 = 12*l - 30. Suppose -823 + 2959 = l*t. What is the tens digit of t?
3
Suppose n = -2*a - 2*a + 41, 46 = 2*n - a. Let q = n + -4. What is the units digit of (-14)/q + 159/9?
7
Let b be (-4)/((-5 - -4)*(-2 - -3)). Suppose 0 = 4*z + b*j - 44, 0*z + z + 5*j + 1 = 0. Let p(q) = 12*q. What is the hundreds digit of p(z)?
1
Let k be 5 - -1 - 3/(-9)*0. Suppose 8*a + 7 = -1. What is the hundreds digit of a + 273 - 30/k?
2
Let s = -37 + 219. What is the units digit of (-28)/s + 15942/26?
3
Let t = -42327 - -72067. What is the tens digit of t?
4
Let g(r) = 32*r**2 + r + 6. Let n be g(3). Suppose 0 = -i + 5*f + 228, i - n + 68 = 4*f. What is the tens digit of i?
3
Let w be (-844)/6 - (-2)/3. Suppose 0 = -85*m - 27362 + 7217. Let h = w - m. What is the units digit of h?
7
Let l(r) = -212*r**3 - 3*r**2 - r - 16. What is the units digit of l(-4)?
8
Suppose 34*t = 4*f + 33*t + 17496, 2*f = 4*t - 8734. Let y = -2453 - f. What is the thousands digit of y?
1
Let w = 497 - -6404. What is the units digit of w?
1
Suppose 4*n - 5*p = 36313, 2*n - 3*n + 9079 = -p. What is the tens digit of n/10 + -1 - (-5)/(-25)?
0
Let i(s) = 11*s**2 - 2. Let t be i(4). Suppose -9*q - t = -12*q. What is the tens digit of q?
5
Suppose a + 5*f - 49066 = 0, -67*a + 63*a - 2*f + 196318 = 0. What is the hundreds digit of a?
0
What is the ten thousands digit of (-3*520/30)/(-2 - 3348/(-1677))?
1
Let g(r) = 18629*r + 3592. What is the tens digit of g(2)?
5
Let l = 58 + -11. Let b(m) = -m**3 + 12*m**2 - 17*m - 89. Let z be b(5). What is the units digit of (4 - -3)/7*l*z?
7
Let m = 362 - 350. Suppose m*j - 610 = 686. What is the hundreds digit of j?
1
Suppose 4*z - 13 + 1 = 0. Suppose -4*t + 87 = -z*a, -4*t - a - 4*a + 47 = 0. Suppose 14 = 4*m - t. What is the units digit of m?
8
Let l be 10494/10 + (18/5)/6. Suppose 42*z = 37*z + l. Let q = z - 121. What is the units digit of q?
9
Suppose 10345 = 4*f + 3*k, -4*k + 10335 = 4*f + k. Suppose 0 = 3*n + d + f - 6821, -2*d = 4. What is the units digit of n?
1
Suppose -4*l = -2*c - 28494 - 28658, -28558 = -2*l - 2*c. What is the units digit of l?
5
Let h be 0 + 0 - (-6 + 0 - 347). Suppose -741 = -5*n - 4*g, -5*n + h = 3*g - 389. What is the units digit of n?
9
Suppose -194*g = -190*g - 8. Suppose -5*b + 0*b = -g*n - 338, -71 = -b - 3*n. What is the tens digit of b?
6
Let o(n) = 54*n**3 - 25*n**2 + 51*n - 5. What is the thousands digit of o(6)?
1
Let g(d) = 3*d + 20. Let a be g(-6). Suppose 0 = q + 4*l - 249, -4*l = 2*q - a*l - 468. Let j = q - 134. What is the units digit of j?
5
Suppose 25949 = 86*p - 717091. What is the thousands digit of p?
8
What is the hundreds digit of (1006*-13)/(((-133)/7)/38)?
1
Suppose -2*k - 14 = 0, -4*g = -k - 139647 - 13512. What is the tens digit of g?
8
Let v = -14311 + 29451. What is the ten thousands digit of v?
1
What is the tens digit of 8 - ((-247005)/(-60))/((-3)/8)?
8
Let j(k) be the third derivative of -5*k**4/24 - k**3/2 - k**2. Let x be (-20)/50 + 65/(-25). What is the tens digit of j(x)?
1
What is the thousands digit of (-64 + 60)*6447/(-3)?
8
What is the thousands digit of ((-3674)/132)/(4/(-624))?
4
Suppose -19*h = -8*h + 66. Let x(i) = -26*i**2 + 36*i - 6. Let b(r) = 9*r**2 - 12*r + 2. Let u(d) = h*x(d) - 17*b(d). What is the units digit of u(8)?
8
Let m be (-735)/(-6)*4*(-7)/(-35). Let k(p) = 3*p**3 - 3*p + 2. Let t be k(2). Let a = t + m. What is the hundreds digit of a?
1
Suppose -29*d + 9730 = -39367. What is the thousands digit of d?
1
Let z be 4/(8/(-3))*288/(-54). Suppose 12*m + z = 16*m. Suppose 4*y - 671 = q, -m*y + 3*q + 669 = 2*y. What is the units digit of y?
8
What is the tens digit of (1162/996)/(1 + (-55594)/55596)?
3
Let n be (-20)/2*(-22)/55. Suppose 3*a + x = n*a - 176, 0 = -5*x + 25. What is the tens digit of a?
8
Let w be -3 - 4/(20/75). What is the units digit of (-1182)/w + (60/9)/5?
7
Let k be -4 + (2/(-5))/(6/(-285)). What is the tens digit of k*(-8 + 174/9)?
7
Let p(s) = -s**2 - 10*s - 6. Let m(n) = -4*n + 9. Let u be m(4). Let q be p(u). Suppose q - 58 = -t. What is the tens digit of t?
4
Suppose 0 = 108*g - 82*g - 215306. What is the thousands digit of g?
8
Let l = -163 - -1884. Suppose 5*d + 10*z - 5*z - 2875 = 0, 0 = 3*d + 4*z - l. What is the tens digit of d?
7
Let w(i) = -90*i + 25. Let l = 538 + -542. What is the tens digit of w(l)?
8
Let l = -171 + 226. Suppose 0 = 46*r - l*r + 936. What is the tens digit of r?
0
Suppose -a = -5*k + 161611, 3*a + 52270 = 4*k - 77010. What is the thousands digit of k?
2
Let c = 237 + -233. Suppose -c - 465 = -g. What is the hundreds digit of g?
4
Let j(m) = 45*m + 116. Let k be j(40). Suppose -7262 = -6*d - k. What is the hundreds digit of d?
8
Suppose 14 + 65 = -2*m - 5*y, 0 = -5*m - 4*y - 155. What is the tens digit of (-5232)/m - (-4)/18?
9
Let h be (26 + -26)/(-1 + 0 - 1). Suppose -g + 3*g = -2*c + 6, 5*c - 2*g - 8 = h. Suppose -x - 10 = -c*z + 147, -248 = -3*z - x. What is the tens digit of z?
8
Let g(s) = -37*s**3 - 2*s**2 + 1. Let u be g(-1). Let b be u/(-8)*(-1 + 7). Let m = b - -54. What is the units digit of m?
7
Let j = -8 + 18. Let w(h) = h + 22. What is the tens digit of w(j)?
3
Let f 